{"id":15941,"date":"2021-06-28T16:40:45","date_gmt":"2021-06-28T20:40:45","guid":{"rendered":"https:\/\/fourwaybooks.com\/site\/?page_id=15941"},"modified":"2022-08-05T15:56:57","modified_gmt":"2022-08-05T19:56:57","slug":"antonio-de-jesus-lopez","status":"publish","type":"page","link":"https:\/\/fourwaybooks.com\/site\/antonio-de-jesus-lopez\/","title":{"rendered":"Antonio de Jes\u00fas L\u00f3pez"},"content":{"rendered":"<p>[column col=&#8221;1\/4&#8243;]<\/p>\n<p><img decoding=\"async\" class=\"alignnone wp-image-16095 size-medium\" src=\"https:\/\/fourwaybooks.com\/site\/wp-content\/uploads\/2021\/07\/El-Poetician-e1625847781757-300x300.jpg\" alt=\"\" width=\"300\" height=\"300\" srcset=\"https:\/\/fourwaybooks.com\/site\/wp-content\/uploads\/2021\/07\/El-Poetician-e1625847781757-300x300.jpg 300w, https:\/\/fourwaybooks.com\/site\/wp-content\/uploads\/2021\/07\/El-Poetician-e1625847781757-1024x1024.jpg 1024w, https:\/\/fourwaybooks.com\/site\/wp-content\/uploads\/2021\/07\/El-Poetician-e1625847781757-212x212.jpg 212w, https:\/\/fourwaybooks.com\/site\/wp-content\/uploads\/2021\/07\/El-Poetician-e1625847781757-768x768.jpg 768w, https:\/\/fourwaybooks.com\/site\/wp-content\/uploads\/2021\/07\/El-Poetician-e1625847781757-150x150.jpg 150w, https:\/\/fourwaybooks.com\/site\/wp-content\/uploads\/2021\/07\/El-Poetician-e1625847781757.jpg 1397w\" sizes=\"(max-width: 300px) 100vw, 300px\" \/><\/p>\n<p>[\/column]<\/p>\n<p>[column col=&#8221;3\/4&#8243;]<\/p>\n<h2>Antonio de Jes\u00fas L\u00f3pez<\/h2>\n<div class=\"page\" title=\"Page 8\">\n<div class=\"layoutArea\">\n<div class=\"column\">\n<p>Antonio de Jes\u00fas L\u00f3pez has received scholarships to attend the Community of Writers at Squaw Valley, Tin House, the Vermont Studio Center, and Bread Loaf. He is a proud member of the Macondo Writers Workshop and a CantoMundo Fellow. He holds degrees from Duke University, Rutgers-Newark, and the University of Oxford. He is pursuing a PhD in Modern Thought and Literature at Stanford University. His work has appeared or is forthcoming in <em>PEN\/America<\/em>, <em>Insider Higher Education<\/em>, <em>Palette Poetry<\/em>, <em>The New Republic<\/em>,&nbsp;<em>Tin House<\/em>, <em>Poetry Northwest<\/em>, and elsewhere. His debut poetry collection, <em>Gentefication<\/em>, was selected by Gregory Pardlo as the winner of the 2019 Levis Prize in Poetry. Antonio is currently fighting gentrification in his hometown as the newest and youngest councilmember for the City of East Palo Alto. www.barrioscribe.com<\/p>\n<\/div>\n<\/div>\n<\/div>\n<h4><a href=\"https:\/\/fourwaybooks.com\/site\/gentefication\/\"><em>Gentefication<\/em><\/a><\/h4>\n<p>[\/column]<\/p>\n\n\n<p><\/p>\n","protected":false},"excerpt":{"rendered":"<p>[column col=&#8221;1\/4&#8243;] [\/column] [column col=&#8221;3\/4&#8243;] Antonio de Jes\u00fas L\u00f3pez Antonio de Jes\u00fas L\u00f3pez has received scholarships to attend the Community of Writers at Squaw Valley, Tin House, the Vermont Studio Center, and Bread Loaf. He is a proud member of the Macondo Writers Workshop and a CantoMundo Fellow. He holds degrees from Duke University, Rutgers-Newark, [&hellip;]<\/p>\n","protected":false},"author":4,"featured_media":0,"parent":0,"menu_order":0,"comment_status":"closed","ping_status":"closed","template":"","meta":{"advanced_seo_description":"","jetpack_seo_html_title":"","jetpack_seo_noindex":false,"footnotes":""},"class_list":["post-15941","page","type-page","status-publish","hentry"],"jetpack_sharing_enabled":true,"_links":{"self":[{"href":"https:\/\/fourwaybooks.com\/site\/wp-json\/wp\/v2\/pages\/15941","targetHints":{"allow":["GET"]}}],"collection":[{"href":"https:\/\/fourwaybooks.com\/site\/wp-json\/wp\/v2\/pages"}],"about":[{"href":"https:\/\/fourwaybooks.com\/site\/wp-json\/wp\/v2\/types\/page"}],"author":[{"embeddable":true,"href":"https:\/\/fourwaybooks.com\/site\/wp-json\/wp\/v2\/users\/4"}],"replies":[{"embeddable":true,"href":"https:\/\/fourwaybooks.com\/site\/wp-json\/wp\/v2\/comments?post=15941"}],"version-history":[{"count":6,"href":"https:\/\/fourwaybooks.com\/site\/wp-json\/wp\/v2\/pages\/15941\/revisions"}],"predecessor-version":[{"id":17690,"href":"https:\/\/fourwaybooks.com\/site\/wp-json\/wp\/v2\/pages\/15941\/revisions\/17690"}],"wp:attachment":[{"href":"https:\/\/fourwaybooks.com\/site\/wp-json\/wp\/v2\/media?parent=15941"}],"curies":[{"name":"wp","href":"https:\/\/api.w.org\/{rel}","templated":true}]}}